Convert 6 (base 10) to base 7.
6
-6 (base 7) to base 4
-12
Convert -83 (base 11) to base 2.
-1011011
95 (base 11) to base 14
76
-141 (base 8) to base 12
-81
What is -1 (base 6) in base 5?
-1
80 (base 12) to base 2
1100000
-8 (base 14) to base 2
-1000
-31 (base 4) to base 9
-14
What is 1021 (base 4) in base 11?
67
Convert -10 (base 9) to base 11.
-9
-1 (base 8) to base 15
-1
What is 12 (base 3) in base 11?
5
What is 1 (base 4) in base 11?
1
-d (base 14) to base 12
-11
Convert 122 (base 3) to base 13.
14
0 (base 7) to base 9
0
What is 6 (base 12) in base 13?
6
-12 (base 7) to base 13
-9
Convert -8 (base 14) to base 4.
-20
What is -2 (base 16) in base 14?
-2
What is 19 (base 11) in base 2?
10100
What is -6 (base 10) in base 6?
-10
What is 140 (base 10) in base 2?
10001100
What is -11211 (base 3) in base 16?
-82
What is -3 (base 6) in base 3?
-10
Convert -50 (base 6) to base 9.
-33
What is -14 (base 8) in base 3?
-110
322 (base 4) to base 13
46
What is -30 (base 5) in base 4?
-33
Convert -1 (base 16) to base 11.
-1
What is -14 (base 13) in base 10?
-17
Convert 2c (base 15) to base 16.
2a
What is 4 (base 6) in base 15?
4
What is -1 (base 6) in base 9?
-1
Convert 1b (base 12) to base 11.
21
What is -221 (base 7) in base 6?
-305
Convert 6c (base 13) to base 2.
1011010
171 (base 10) to base 13
102
What is -ea (base 15) in base 7?
-433
Convert 3 (base 9) to base 7.
3
3 (base 7) to base 4
3
Convert -3d (base 14) to base 10.
-55
Convert 220 (base 3) to base 7.
33
Convert 1 (base 5) to base 8.
1
What is -241 (base 5) in base 11?
-65
What is -8 (base 11) in base 16?
-8
Convert -1011 (base 3) to base 14.
-23
27 (base 9) to base 7
34
What is -40 (base 11) in base 10?
-44
Convert 6 (base 16) to base 9.
6
-149 (base 12) to base 2
-11001001
Convert 2 (base 3) to base 5.
2
What is -2 (base 8) in base 14?
-2
What is -1101100 (base 2) in base 16?
-6c
Convert 10 (base 7) to base 15.
7
Convert -8 (base 14) to base 12.
-8
What is 10 (base 3) in base 4?
3
-2022 (base 3) to base 9
-68
What is 1 (base 4) in base 3?
1
Convert -4 (base 10) to base 5.
-4
37 (base 11) to base 2
101000
What is -2 (base 10) in base 7?
-2
Convert -122 (base 5) to base 11.
-34
Convert 100 (base 3) to base 7.
12
-1c (base 13) to base 16
-19
Convert -105 (base 10) to base 14.
-77
What is -3d (base 14) in base 15?
-3a
What is 9e (base 15) in base 6?
405
-1 (base 7) to base 3
-1
What is -2 (base 14) in base 13?
-2
5 (base 13) to base 14
5
2 (base 13) to base 4
2
3 (base 5) to base 12
3
What is -29 (base 11) in base 10?
-31
What is -8 (base 10) in base 4?
-20
What is 100 (base 3) in base 15?
9
-1 (base 6) to base 10
-1
What is c (base 13) in base 12?
10
What is 19 (base 10) in base 13?
16
-4 (base 9) to base 3
-11
Convert -1 (base 13) to base 15.
-1
What is 110 (base 5) in base 16?
1e
-1 (base 13) to base 16
-1
-3224 (base 5) to base 10
-439
23 (base 14) to base 7
43
What is -6 (base 8) in base 10?
-6
Convert 14 (base 13) to base 15.
12
What is -4d (base 16) in base 8?
-115
Convert 10 (base 3) to base 15.
3
Convert -122 (base 4) to base 7.
-35
What is 3 (base 5) in base 7?
3
-11 (base 5) to base 8
-6
Convert 1 (base 14) to base 3.
1
5 (base 12) to base 15
5
-301 (base 4) to base 6
-121
Convert -4 (base 11) to base 3.
-11
-17 (base 10) to base 2
-10001
What is 101121 (base 3) in base 11?
240
What is -2 (base 12) in base 14?
-2
What is 29 (base 16) in base 14?
2d
Convert -65 (base 9) to base 15.
-3e
-12 (base 15) to base 7
-23
-8 (base 10) to base 9
-8
Convert -21 (base 3) to base 15.
-7
-1 (base 9) to base 6
-1
Convert 3 (base 5) to base 16.
3
Convert 2 (base 3) to base 5.
2
Convert 365 (base 8) to base 6.
1045
Convert a9 (base 11) to base 16.
77
Convert 1 (base 2) to base 4.
1
What is -3 (base 15) in base 10?
-3
What is 1 (base 12) in base 2?
1
Convert 11110001 (base 2) to base 12.
181
120 (base 8) to base 11
73
What is fc (base 16) in base 11?
20a
What is 14 (base 6) in base 2?
1010
Convert -100 (base 11) to base 10.
-121
Convert 4a (base 11) to base 3.
2000
6 (base 10) to base 7
6
110 (base 5) to base 4
132
Convert 4 (base 11) to base 12.
4
What is -1 (base 8) in base 4?
-1
What is 3 (base 15) in base 13?
3
What is 2 (base 5) in base 9?
2
-87 (base 15) to base 2
-1111111
3 (base 14) to base 7
3
What is 11 (base 3) in base 11?
4
Convert 20 (base 10) to base 13.
17
-35 (base 6) to base 5
-43
What is 8 (base 12) in base 5?
13
What is -11 (base 11) in base 7?
-15
7 (base 9) to base 5
12
What is -77 (base 12) in base 10?
-91
Convert 5 (base 7) to base 14.
5
Convert 3 (base 8) to base 16.
3
-100 (base 10) to base 14
-72
-120 (base 3) to base 15
-10
Convert -2 (base 15) to base 13.
-2
6 (base 7) to base 14
6
What is -11 (base 4) in base 8?
-5
Convert 111 (base 3) to base 8.
15
What is -11 (base 2) in base 10?
-3
4 (base 9) to base 15
4
What is -4 (base 14) in base 15?
-4
What is 4 (base 14) in base 6?
4
Convert -110001000 (base 2) to base 6.
-1452
What is -1 (base 9) in base 3?
-1
-2 (base 8) to base 11
-2
What is 220 (base 4) in base 12?
34
What is -4 (base 7) in base 12?
-4
What is 1 (base 7) in base 14?
1
Convert -12 (base 13) to base 10.
-15
-a (base 16) to base 3
-101
12 (base 11) to base 16
d
What is -2 (base 13) in base 11?
-2
61 (base 7) to base 13
34
16 (base 13) to base 2
10011
What is 2 (base 12) in base 6?
2
3 (base 15) to base 9
3
3 (base 4) to base 15
3
-1 (base 9) to base 3
-1
4a (base 15) to base 16
46
What is 30 (base 4) in base 13?
c
Convert 26 (base 13) to base 11.
2a
1110 (base 5) to base 10
155
What is -4 (base 12) in base 13?
-4
Convert 1 (base 10) to base 9.
1
Convert 3 (base 7) to base 15.
3
What is -34 (base 7) in base 13?
-1c
What is -63 (base 14) in base 6?
-223
Convert 0 (base 3) to base 4.
0
What is 0 (base 7) in base 16?
0
505 (base 8) to base 5
2300
-2 (base 4) to base 9
-2
-4 (base 10) to base 7
-4
1121 (base 3) to base 15
2d
-102 (base 7) to base 14
-39
25 (base 6) to base 11
16
What is -200 (base 3) in base 16?
-12
What is 7 (base 10) in base 11?
7
Convert 2211 (base 3) to base 6.
204
Convert -103 (base 5) to base 11.
-26
Convert -2 (base 9) to base 10.
-2
What is 11 (base 4) in base 16?
5
What is -10 (base 2) in base 7?
-2
100001 (base 2) to base 12
29
Convert 188 (base 12) to base 6.
1052
-2 (base 3) to base 11
-2
11 (base 6) to base 9
7
Convert -1035 (base 6) to base 15.
-10e
What is -2110 (base 4) in base 3?
-12111
-101 (base 14) to base 16
-c5
What is -122 (base 4) in base 2?
-11010
What is 18 (base 10) in base 11?
17
What is 19 (base 11) in base 9?
22
What is -1 (base 4) in base 13?
-1
What is -3 (base 8) in base 13?
-3
What is -13 (base 8) in base 5?
-21
What is -10 (base 9) in base 14?
-9
Convert -27 (base 8) to base 4.
-113
What is 402 (base 8) in base 6?
1110
What is -3 (base 9) in base 6?
-3
1 (base 6) to base 12
1
What is 5 (base 12) in base 6?
5
Convert -10 (base 14) to base 2.
-1110
6 (base 11) to base 2
110
2 (base 8) to base 6
2
-210 (base 9) to base 3
-20100
-31 (base 14) to base 4
-223
Convert -1 (base 7) to base 14.
-1
What is -3 (base 16) in base 10?
-3
Convert -1010010 (base 2) to base 15.
-57
6 (base 10) to base 2
110
What is 214 (base 5) in base 4?
323
-201 (base 3) to base 11
-18
What is -386 (base 9) in base 2?
-101000001
What is 0 (base 15) in base 3?
0
What is 143 (base 5) in base 4?
300
What is -37 (base 10) in base 9?
-41
0 (base 5) to base 2
0
What is 100 (base 8) in base 9?
71
What is -3 (base 9) in base 5?
-3
What is -3 (base 15) in base 14?
-3
371 (base 10) to base 2
101110011
What is -18 (base 11) in base 7?
-25
What is -1 (base 11) in base 16?
-1
What is -1 (base 14) in base 13?
-1
220 (base 4) to base 3
1111
What is 0 (base 14) in base 12?
0
What is -7 (base 13) in base 9?
-7
What is -100101 (base 2) in base 4?
-211
What is -166 (base 11) in base 3?
-21011
Convert 0 (base 13) to base 12.
0
-2 (base 15) to base 11
-2
Convert 2 (base 11) to base 16.
2
Convert -3 (base 10) to base 9.
-3
What is -12 (base 12) in base 14?
-10
What is 0 (base 14) in base 10?
0
0 (base 10) to base 8
0
Convert 3 (base 16) to base 15.
3
What is -14 (base 8) in base 16?
-c
Convert -32 (base 10) to base 13.
-26
Convert -25 (base 12) to base 14.
-21
What is -3 (base 12) in base 2?
-11
Convert 67 (base 16) to base 4.
1213
What is 53 (base 13) in base 4?
1010
6